{"id":626,"date":"2019-06-14T04:58:23","date_gmt":"2019-06-14T07:58:23","guid":{"rendered":"https:\/\/www.encontraaracaju.com.br\/sobre\/?page_id=626"},"modified":"2019-06-14T04:59:53","modified_gmt":"2019-06-14T07:59:53","slug":"ifs-sergipe","status":"publish","type":"page","link":"https:\/\/www.encontraaracaju.com.br\/sobre\/ifs-sergipe\/","title":{"rendered":"IFS Sergipe"},"content":{"rendered":"<div class=\"0de350683d360aa04277a39db0bae410\" data-index=\"1\" style=\"float: none; margin:0px;\">\n<!-- Anuncio display - global -->\r\n<ins class=\"adsbygoogle\"\r\n     style=\"display:block\"\r\n     data-ad-client=\"ca-pub-8585364105181520\"\r\n     data-ad-slot=\"8789329856\"\r\n     data-ad-format=\"auto\"\r\n     data-full-width-responsive=\"true\"><\/ins>\r\n<script>\r\n     (adsbygoogle = window.adsbygoogle || []).push({});\r\n<\/script>\n<\/div>\n<p>O <strong>IFS Sergipe<\/strong> &#8211; Instituto Federal de Educa\u00e7\u00e3o, Ci\u00eancia e Tecnologia de Sergipe foi criado, de acordo com o Projeto de lei 3775\/2008, mediante integra\u00e7\u00e3o do Centro Federal de Educa\u00e7\u00e3o Tecnol\u00f3gica de Sergipe e da Escola Agrot\u00e9cnica Federal de S\u00e3o Crist\u00f3v\u00e3o.<\/p>\n<p>A Institui\u00e7\u00e3o foi fundada em 1909 e durante muito tempo, os caminhos institucionais do ensino t\u00e9cnico industrial e do t\u00e9cnico agr\u00edcola foram separados em Sergipe. Por\u00e9m, desde 2008, os dois caminhos se uniram em torno de apenas um nome: Instituto Federal de Sergipe (IFS).<\/p>\n<p><img loading=\"lazy\" decoding=\"async\" class=\"alignnone wp-image-627 size-full\" title=\"IFS Sergipe\" src=\"https:\/\/www.encontraaracaju.com.br\/sobre\/wp-content\/uploads\/2019\/06\/ifs-aracaju.gif\" alt=\"IFS Sergipe\" width=\"680\" height=\"189\" \/><\/p>\n<p>De acordo com a revista Veja, veiculada em 9 de novembro de 2011, o IFS \u00e9 a 10\u00aa melhor institui\u00e7\u00e3o de ensino superior do Brasil, segundo dados em divulga\u00e7\u00e3o na mat\u00e9ria \u2018Na rota da excel\u00eancia\u2019.<\/p>\n<p>Outro dado de relev\u00e2ncia sobre o IFS foi divulgado no final de 2015 pelo Minist\u00e9rio da Educa\u00e7\u00e3o (MEC). De acordo com as notas no \u00cdndice Geral de Cursos (IGC), o IFS aparece em primeiro lugar em Sergipe com conceito 4 na avalia\u00e7\u00e3o e como 6\u00ba melhor entre os Institutos Federais. A classifica\u00e7\u00e3o tamb\u00e9m apontou o curso de Engenharia Civil do Campus Aracaju como o 7\u00ba melhor do pa\u00eds. Os resultados referem-se ao ciclo de avalia\u00e7\u00e3o de 2014 das institui\u00e7\u00f5es e dos cursos nas \u00e1reas de exatas, humanas e biol\u00f3gicas.<\/p>\n<h2>IFS Aracaju Cursos<\/h2>\n<p>O IFS Aracaju oferece os seguintes <em>cursos:<\/em><\/p>\n<p><strong>Gradua\u00e7\u00e3o<\/strong><\/p>\n<ul>\n<li>Bacharelado em Engenharia Civil<\/li>\n<li>Tecnologia em Gest\u00e3o em Turismo<\/li>\n<li>Licenciatura em Matem\u00e1tica<\/li>\n<li>Licenciatura em Qu\u00edmica<\/li>\n<li>Tecnologia em Saneamento Ambiental<\/li>\n<li>Tecnologia em An\u00e1lise e Desenvolvimento de Sistemas<\/li>\n<\/ul>\n<p><strong>T\u00e9cnicos<\/strong><\/p>\n<ul>\n<li>Curso T\u00e9cnico de N\u00edvel M\u00e9dio em Edifica\u00e7\u00f5es<\/li>\n<li>Curso T\u00e9cnico de N\u00edvel M\u00e9dio em Eletr\u00f4nica<\/li>\n<li>Curso T\u00e9cnico de N\u00edvel M\u00e9dio em Eletrot\u00e9cnica<\/li>\n<li>Curso T\u00e9cnico de N\u00edvel M\u00e9dio em Inform\u00e1tica<\/li>\n<li>Curso T\u00e9cnico de N\u00edvel M\u00e9dio em Qu\u00edmica<\/li>\n<li>Curso T\u00e9cnico de N\u00edvel M\u00e9dio em Alimentos<\/li>\n<li>Curso T\u00e9cnico em Petr\u00f3leo e G\u00e1s<\/li>\n<li>Curso T\u00e9cnico de Redes de Computadores<\/li>\n<li>Curso T\u00e9cnico de Eletr\u00f4nica<\/li>\n<li>Curso T\u00e9cnico de Eletrot\u00e9cnica<\/li>\n<li>Curso T\u00e9cnico de Hospedagem<\/li>\n<li>Curso T\u00e9cnico de Seguran\u00e7a no Trabalho<\/li>\n<li>Curso T\u00e9cnico de Guia de Turismo<\/li>\n<li>Curso T\u00e9cnico de Edifica\u00e7\u00f5es<\/li>\n<li>Curso T\u00e9cnico em Alimentos<\/li>\n<li>Curso T\u00e9cnico em Qu\u00edmica<\/li>\n<li>Curso T\u00e9cnico Integrado ao Ensino M\u00e9dio em Desenho de Constru\u00e7\u00e3o Civil na modalidade PROEJA<\/li>\n<li>Curso T\u00e9cnico Integrado ao Ensino M\u00e9dio em Hospedagem na modalidade PROEJA<\/li>\n<li>Curso T\u00e9cnico em Inform\u00e1tica<\/li>\n<\/ul>\n<h3>IFS Aracaju Processo Seletivo<\/h3>\n<p>Acesse a aba<em> Processo Seletivo <\/em>e confira os editais em aberto, as datas de inscri\u00e7\u00e3o e de provas.<\/p>\n<h3>Hor\u00e1rio de Funcionamento IFS em Aracaju<\/h3>\n<ul>\n<li>Segunda a Sexta das 08h \u00e0s 18h<\/li>\n<\/ul>\n<h3>Onde fica, Endere\u00e7o e Telefone IFS em Aracaju<\/h3>\n<ul>\n<li>Av. Eng. Gentil Tavares, 1166 &#8211; Get\u00falio Vargas &#8211; Aracaju &#8211; SE<\/li>\n<li>Telefone: (79) 3711-3100<\/li>\n<\/ul>\n<h4>Outras informa\u00e7\u00f5es e site<\/h4>\n<ul>\n<li>Mais informa\u00e7\u00f5es: <a href=\"http:\/\/www.ifs.edu.br\/\" target=\"_blank\" rel=\"noopener noreferrer\">www.ifs.edu.br<\/a><\/li>\n<\/ul>\n<h4>Mapa de localiza\u00e7\u00e3o<\/h4>\n<a class=\"wp-colorbox-iframe\" href=\"https:\/\/www.google.com\/maps\/embed?pb=!1m14!1m8!1m3!1d15670.532324396003!2d-37.0651848!3d-10.9154649!3m2!1i1024!2i768!4f13.1!3m3!1m2!1s0x00xd4f4944197901389!2sInstituto+Federal+de+Educao+Cincia+e+Tecnologia+de+Sergipe+-+IFS!5e0!3m2!1spt-BR!2sbr!4v1560498865073!5m2!1spt-BR!2sbr\"><img decoding=\"async\" src=\"http:\/\/www.encontraaracaju.com.br\/imgs\/maps-post.png\"><\/a>\n\n<div style=\"font-size: 0px; height: 0px; line-height: 0px; margin: 0; padding: 0; clear: both;\"><\/div>","protected":false},"excerpt":{"rendered":"<p>O IFS Sergipe &#8211; Instituto Federal de Educa\u00e7\u00e3o, Ci\u00eancia e Tecnologia de Sergipe foi criado, de acordo com o Projeto de lei 3775\/2008, mediante integra\u00e7\u00e3o do Centro Federal de Educa\u00e7\u00e3o Tecnol\u00f3gica de Sergipe e da Escola Agrot\u00e9cnica Federal de S\u00e3o Crist\u00f3v\u00e3o. A Institui\u00e7\u00e3o foi fundada em 1909 e durante muito tempo, os caminhos institucionais do ensino t\u00e9cnico industrial e do t\u00e9cnico agr\u00edcola foram separados em Sergipe. Por\u00e9m, desde 2008, os dois caminhos se uniram em torno de apenas um nome: Instituto Federal de Sergipe (IFS). De acordo com a revista Veja, veiculada em 9 de novembro de 2011, o IFS <\/p>\n","protected":false},"author":1,"featured_media":0,"parent":0,"menu_order":0,"comment_status":"closed","ping_status":"closed","template":"","meta":{"footnotes":""},"class_list":["post-626","page","type-page","status-publish","hentry"],"yoast_head":"<!-- This site is optimized with the Yoast SEO plugin v26.4 - https:\/\/yoast.com\/wordpress\/plugins\/seo\/ -->\n<title>IFS Aracaju: Cursos, Processos Seletivos, Endere\u00e7o, Telefone<\/title>\n<meta name=\"description\" content=\"Veja sobre o ( IFS em Aracaju ) - Informa\u00e7\u00f5es, cursos, processos seletivos, hor\u00e1rio de funcionamento, endere\u00e7o e telefone. CLIQUE AQUI!\" \/>\n<meta name=\"robots\" content=\"index, follow, max-snippet:-1, max-image-preview:large, max-video-preview:-1\" \/>\n<link rel=\"canonical\" href=\"https:\/\/www.encontraaracaju.com.br\/sobre\/ifs-sergipe\/\" \/>\n<meta property=\"og:locale\" content=\"pt_BR\" \/>\n<meta property=\"og:type\" content=\"article\" \/>\n<meta property=\"og:title\" content=\"IFS Aracaju: Cursos, Processos Seletivos, Endere\u00e7o, Telefone\" \/>\n<meta property=\"og:description\" content=\"Veja sobre o ( IFS em Aracaju ) - Informa\u00e7\u00f5es, cursos, processos seletivos, hor\u00e1rio de funcionamento, endere\u00e7o e telefone. CLIQUE AQUI!\" \/>\n<meta property=\"og:url\" content=\"https:\/\/www.encontraaracaju.com.br\/sobre\/ifs-sergipe\/\" \/>\n<meta property=\"og:site_name\" content=\"Encontra Aracaju\" \/>\n<meta property=\"article:modified_time\" content=\"2019-06-14T07:59:53+00:00\" \/>\n<meta property=\"og:image\" content=\"https:\/\/www.encontraaracaju.com.br\/sobre\/wp-content\/uploads\/2019\/06\/ifs-aracaju.gif\" \/>\n<meta name=\"twitter:card\" content=\"summary_large_image\" \/>\n<meta name=\"twitter:label1\" content=\"Est. tempo de leitura\" \/>\n\t<meta name=\"twitter:data1\" content=\"3 minutos\" \/>\n<script type=\"application\/ld+json\" class=\"yoast-schema-graph\">{\"@context\":\"https:\/\/schema.org\",\"@graph\":[{\"@type\":\"WebPage\",\"@id\":\"https:\/\/www.encontraaracaju.com.br\/sobre\/ifs-sergipe\/\",\"url\":\"https:\/\/www.encontraaracaju.com.br\/sobre\/ifs-sergipe\/\",\"name\":\"IFS Aracaju: Cursos, Processos Seletivos, Endere\u00e7o, Telefone\",\"isPartOf\":{\"@id\":\"https:\/\/www.encontraaracaju.com.br\/sobre\/#website\"},\"primaryImageOfPage\":{\"@id\":\"https:\/\/www.encontraaracaju.com.br\/sobre\/ifs-sergipe\/#primaryimage\"},\"image\":{\"@id\":\"https:\/\/www.encontraaracaju.com.br\/sobre\/ifs-sergipe\/#primaryimage\"},\"thumbnailUrl\":\"https:\/\/www.encontraaracaju.com.br\/sobre\/wp-content\/uploads\/2019\/06\/ifs-aracaju.gif\",\"datePublished\":\"2019-06-14T07:58:23+00:00\",\"dateModified\":\"2019-06-14T07:59:53+00:00\",\"description\":\"Veja sobre o ( IFS em Aracaju ) - Informa\u00e7\u00f5es, cursos, processos seletivos, hor\u00e1rio de funcionamento, endere\u00e7o e telefone. CLIQUE AQUI!\",\"breadcrumb\":{\"@id\":\"https:\/\/www.encontraaracaju.com.br\/sobre\/ifs-sergipe\/#breadcrumb\"},\"inLanguage\":\"pt-BR\",\"potentialAction\":[{\"@type\":\"ReadAction\",\"target\":[\"https:\/\/www.encontraaracaju.com.br\/sobre\/ifs-sergipe\/\"]}]},{\"@type\":\"ImageObject\",\"inLanguage\":\"pt-BR\",\"@id\":\"https:\/\/www.encontraaracaju.com.br\/sobre\/ifs-sergipe\/#primaryimage\",\"url\":\"https:\/\/www.encontraaracaju.com.br\/sobre\/wp-content\/uploads\/2019\/06\/ifs-aracaju.gif\",\"contentUrl\":\"https:\/\/www.encontraaracaju.com.br\/sobre\/wp-content\/uploads\/2019\/06\/ifs-aracaju.gif\",\"width\":680,\"height\":189},{\"@type\":\"BreadcrumbList\",\"@id\":\"https:\/\/www.encontraaracaju.com.br\/sobre\/ifs-sergipe\/#breadcrumb\",\"itemListElement\":[{\"@type\":\"ListItem\",\"position\":1,\"name\":\"In\u00edcio\",\"item\":\"https:\/\/www.encontraaracaju.com.br\/sobre\/\"},{\"@type\":\"ListItem\",\"position\":2,\"name\":\"IFS Sergipe\"}]},{\"@type\":\"WebSite\",\"@id\":\"https:\/\/www.encontraaracaju.com.br\/sobre\/#website\",\"url\":\"https:\/\/www.encontraaracaju.com.br\/sobre\/\",\"name\":\"Encontra Aracaju\",\"description\":\"Not\u00edcias, eventos, informa\u00e7\u00f5es e dicas na cidade Aracaju e regi\u00e3o.\",\"potentialAction\":[{\"@type\":\"SearchAction\",\"target\":{\"@type\":\"EntryPoint\",\"urlTemplate\":\"https:\/\/www.encontraaracaju.com.br\/sobre\/?s={search_term_string}\"},\"query-input\":{\"@type\":\"PropertyValueSpecification\",\"valueRequired\":true,\"valueName\":\"search_term_string\"}}],\"inLanguage\":\"pt-BR\"}]}<\/script>\n<!-- \/ Yoast SEO plugin. -->","yoast_head_json":{"title":"IFS Aracaju: Cursos, Processos Seletivos, Endere\u00e7o, Telefone","description":"Veja sobre o ( IFS em Aracaju ) - Informa\u00e7\u00f5es, cursos, processos seletivos, hor\u00e1rio de funcionamento, endere\u00e7o e telefone. CLIQUE AQUI!","robots":{"index":"index","follow":"follow","max-snippet":"max-snippet:-1","max-image-preview":"max-image-preview:large","max-video-preview":"max-video-preview:-1"},"canonical":"https:\/\/www.encontraaracaju.com.br\/sobre\/ifs-sergipe\/","og_locale":"pt_BR","og_type":"article","og_title":"IFS Aracaju: Cursos, Processos Seletivos, Endere\u00e7o, Telefone","og_description":"Veja sobre o ( IFS em Aracaju ) - Informa\u00e7\u00f5es, cursos, processos seletivos, hor\u00e1rio de funcionamento, endere\u00e7o e telefone. CLIQUE AQUI!","og_url":"https:\/\/www.encontraaracaju.com.br\/sobre\/ifs-sergipe\/","og_site_name":"Encontra Aracaju","article_modified_time":"2019-06-14T07:59:53+00:00","og_image":[{"url":"https:\/\/www.encontraaracaju.com.br\/sobre\/wp-content\/uploads\/2019\/06\/ifs-aracaju.gif","type":"","width":"","height":""}],"twitter_card":"summary_large_image","twitter_misc":{"Est. tempo de leitura":"3 minutos"},"schema":{"@context":"https:\/\/schema.org","@graph":[{"@type":"WebPage","@id":"https:\/\/www.encontraaracaju.com.br\/sobre\/ifs-sergipe\/","url":"https:\/\/www.encontraaracaju.com.br\/sobre\/ifs-sergipe\/","name":"IFS Aracaju: Cursos, Processos Seletivos, Endere\u00e7o, Telefone","isPartOf":{"@id":"https:\/\/www.encontraaracaju.com.br\/sobre\/#website"},"primaryImageOfPage":{"@id":"https:\/\/www.encontraaracaju.com.br\/sobre\/ifs-sergipe\/#primaryimage"},"image":{"@id":"https:\/\/www.encontraaracaju.com.br\/sobre\/ifs-sergipe\/#primaryimage"},"thumbnailUrl":"https:\/\/www.encontraaracaju.com.br\/sobre\/wp-content\/uploads\/2019\/06\/ifs-aracaju.gif","datePublished":"2019-06-14T07:58:23+00:00","dateModified":"2019-06-14T07:59:53+00:00","description":"Veja sobre o ( IFS em Aracaju ) - Informa\u00e7\u00f5es, cursos, processos seletivos, hor\u00e1rio de funcionamento, endere\u00e7o e telefone. CLIQUE AQUI!","breadcrumb":{"@id":"https:\/\/www.encontraaracaju.com.br\/sobre\/ifs-sergipe\/#breadcrumb"},"inLanguage":"pt-BR","potentialAction":[{"@type":"ReadAction","target":["https:\/\/www.encontraaracaju.com.br\/sobre\/ifs-sergipe\/"]}]},{"@type":"ImageObject","inLanguage":"pt-BR","@id":"https:\/\/www.encontraaracaju.com.br\/sobre\/ifs-sergipe\/#primaryimage","url":"https:\/\/www.encontraaracaju.com.br\/sobre\/wp-content\/uploads\/2019\/06\/ifs-aracaju.gif","contentUrl":"https:\/\/www.encontraaracaju.com.br\/sobre\/wp-content\/uploads\/2019\/06\/ifs-aracaju.gif","width":680,"height":189},{"@type":"BreadcrumbList","@id":"https:\/\/www.encontraaracaju.com.br\/sobre\/ifs-sergipe\/#breadcrumb","itemListElement":[{"@type":"ListItem","position":1,"name":"In\u00edcio","item":"https:\/\/www.encontraaracaju.com.br\/sobre\/"},{"@type":"ListItem","position":2,"name":"IFS Sergipe"}]},{"@type":"WebSite","@id":"https:\/\/www.encontraaracaju.com.br\/sobre\/#website","url":"https:\/\/www.encontraaracaju.com.br\/sobre\/","name":"Encontra Aracaju","description":"Not\u00edcias, eventos, informa\u00e7\u00f5es e dicas na cidade Aracaju e regi\u00e3o.","potentialAction":[{"@type":"SearchAction","target":{"@type":"EntryPoint","urlTemplate":"https:\/\/www.encontraaracaju.com.br\/sobre\/?s={search_term_string}"},"query-input":{"@type":"PropertyValueSpecification","valueRequired":true,"valueName":"search_term_string"}}],"inLanguage":"pt-BR"}]}},"_links":{"self":[{"href":"https:\/\/www.encontraaracaju.com.br\/sobre\/wp-json\/wp\/v2\/pages\/626","targetHints":{"allow":["GET"]}}],"collection":[{"href":"https:\/\/www.encontraaracaju.com.br\/sobre\/wp-json\/wp\/v2\/pages"}],"about":[{"href":"https:\/\/www.encontraaracaju.com.br\/sobre\/wp-json\/wp\/v2\/types\/page"}],"author":[{"embeddable":true,"href":"https:\/\/www.encontraaracaju.com.br\/sobre\/wp-json\/wp\/v2\/users\/1"}],"replies":[{"embeddable":true,"href":"https:\/\/www.encontraaracaju.com.br\/sobre\/wp-json\/wp\/v2\/comments?post=626"}],"version-history":[{"count":0,"href":"https:\/\/www.encontraaracaju.com.br\/sobre\/wp-json\/wp\/v2\/pages\/626\/revisions"}],"wp:attachment":[{"href":"https:\/\/www.encontraaracaju.com.br\/sobre\/wp-json\/wp\/v2\/media?parent=626"}],"curies":[{"name":"wp","href":"https:\/\/api.w.org\/{rel}","templated":true}]}}