{"id":541,"date":"2019-06-05T04:39:58","date_gmt":"2019-06-05T07:39:58","guid":{"rendered":"https:\/\/www.encontraaracaju.com.br\/sobre\/?page_id=541"},"modified":"2019-06-24T05:01:17","modified_gmt":"2019-06-24T08:01:17","slug":"prefeitura-de-aracaju","status":"publish","type":"page","link":"https:\/\/www.encontraaracaju.com.br\/sobre\/prefeitura-de-aracaju\/","title":{"rendered":"Prefeitura de Aracaju"},"content":{"rendered":"<div class=\"0de350683d360aa04277a39db0bae410\" data-index=\"1\" style=\"float: none; margin:0px;\">\n<!-- Anuncio display - global -->\r\n<ins class=\"adsbygoogle\"\r\n     style=\"display:block\"\r\n     data-ad-client=\"ca-pub-8585364105181520\"\r\n     data-ad-slot=\"8789329856\"\r\n     data-ad-format=\"auto\"\r\n     data-full-width-responsive=\"true\"><\/ins>\r\n<script>\r\n     (adsbygoogle = window.adsbygoogle || []).push({});\r\n<\/script>\n<\/div>\n<p>A\u00a0<strong>Prefeitura de Aracaju<\/strong>\u00a0\u00e9 a sede do poder executivo do munic\u00edpio. A Prefeitura abriga secretarias da educa\u00e7\u00e3o, sa\u00fade, meio ambiente e v\u00e1rias outras.<\/p>\n<p>Na sede da Prefeitura de Aracaju, est\u00e3o instalados o Gabinete do prefeito e do vice-prefeito, al\u00e9m de secretarias e \u00f3rg\u00e3os. No local, o contribuinte tem acesso a servi\u00e7os como:\u00a0 o Centro de Atendimento ao Contribuinte (CAC) que disponibiliza diversos servi\u00e7os como Nota Fiscal Eletr\u00f4nica; Declara\u00e7\u00e3o de Servi\u00e7o; Emiss\u00e3o da 2\u00aa via do IPTU; Consulta de Processos; entre outros.<\/p>\n<p><img loading=\"lazy\" decoding=\"async\" class=\"alignnone wp-image-542 size-full\" title=\"Prefeitura de Aracaju\" src=\"https:\/\/www.encontraaracaju.com.br\/sobre\/wp-content\/uploads\/2019\/06\/prefeitura-de-aracaju.gif\" alt=\"Prefeitura de Aracaju\" width=\"680\" height=\"189\" \/><\/p>\n<p>O Gabinete do Prefeito tem como principal objetivo intermediar o contato direto do chefe do Executivo municipal com o p\u00fablico e todos os segmentos da sociedade. Este setor conta com subdivis\u00f5es que avaliam e desenvolvem as a\u00e7\u00f5es do poder p\u00fablico e elaboram projetos de interesse social e governamental. \u00c9 de sua responsabilidade promover a liga\u00e7\u00e3o entre o Prefeito e as demais secretarias municipais, al\u00e9m de outros \u00f3rg\u00e3os das esferas estadual e federal, visando uma gest\u00e3o participativa voltada para o interesse p\u00fablico.<\/p>\n<p>O Gabinete est\u00e1 sempre aberto \u00e0 popula\u00e7\u00e3o. Para ser atendido, o cidad\u00e3o deve agendar a visita marcando data, hor\u00e1rio e assuntos a serem discutidos. Esse procedimento facilita o atendimento e a solu\u00e7\u00e3o dos problemas.<\/p>\n<h2>Concursos Prefeitura de Aracaju<\/h2>\n<p>A Prefeitura Municipal de Aracaju <em>realiza periodicamente concursos p\u00fablicos<\/em> com oportunidades para diversos cargos. O primeiro passo para a abertura \u00e9 divulgado no Di\u00e1rio Oficial da Prefeitura de Aracaju, que \u00e9 a constitui\u00e7\u00e3o da comiss\u00e3o do certame. No documento constar\u00e1 as chances de cada setor e a escolaridade exigida de cada pessoa para o concurso da prefeitura de Aracaju.<\/p>\n<p>Para acompanhar o andamento e obter maiores informa\u00e7\u00f5es sobre vagas, consulte o site da Prefeitura de Aracaju com cronogramas e outras especificidades dos concursos p\u00fablicos e processos seletivos que ocorrem.<\/p>\n<h3>IPTU Prefeitura de Aracaju<\/h3>\n<p>Todos os anos os propriet\u00e1rios de um ou mais im\u00f3veis na cidade de Aracaju devem pagar o<a href=\"http:\/\/www.encontrabelem.com.br\/sobre\/iptu-belem\" target=\"_blank\" rel=\"noopener noreferrer\">\u00a0<\/a><em>IPTU (Imposto Predial e Territorial Urbano)<\/em>. Em alguns casos, o possuidor, mesmo n\u00e3o sendo o propriet\u00e1rio, \u00e9 o contribuinte do imposto. Na cidade de Aracaju o contribuinte pode pagar o valor em cota \u00fanica (com desconto) ou em at\u00e9 dez cotas iguais. Voc\u00ea pode consultar e imprimir a segunda via do seu IPTU diretamente no site da Prefeitura de Aracaju.<\/p>\n<h3>Nfe Prefeitura de Aracaju<\/h3>\n<p>A\u00a0<em>Nota Fiscal de Servi\u00e7os Eletr\u00f4nica \u2013\u00a0NFS-e,<\/em> \u00e9 o documento fiscal de exist\u00eancia apenas digital que substituir\u00e1 as tradicionais notas fiscais de servi\u00e7os impressas. A NFS-e, implantada pela SECRETARIA DA FAZENDA, ser\u00e1 emitida e armazenada eletronicamente em programa de computador da Prefeitura Aracaju, com o objetivo de materializar os fatos geradores do ISSQN \u2013 Imposto Sobre Servi\u00e7os de Qualquer Natureza, por meio do registro eletr\u00f4nico das presta\u00e7\u00f5es de servi\u00e7os sujeitas \u00e0 tributa\u00e7\u00e3o do ISSQN. Outras respostas a perguntas frequentes sobre o SIMPLES NACIONAL podem ser obtidas no site da Receita Federal do Brasil.<\/p>\n<h3>ISS Prefeitura de Aracaju<\/h3>\n<p>O\u00a0<em>ISS\u00a0\u00e9 o Imposto Sobre Servi\u00e7os<\/em> . Ele \u00e9 um tributo de compet\u00eancia dos munic\u00edpios e Distrito Federal e incide sobre a presta\u00e7\u00e3o de servi\u00e7os. O ISS da Prefeitura de Aracaju \u00e9 pago pelas empresas prestadoras de servi\u00e7os e profissionais aut\u00f4nomos. Todas as informa\u00e7\u00f5es necess\u00e1rias e d\u00favidas sobre o ISS da Prefeitura de Aracaju podem ser esclarecidos diretamente no site da Prefeitura.<\/p>\n<h3>CND Prefeitura de Aracaju<\/h3>\n<p>A\u00a0<em>Certid\u00e3o de Tributos e Outros D\u00e9bitos Municipais<\/em>\u00a0\u00e9 fornecida via internet exclusivamente a pessoas jur\u00eddicas ou f\u00edsicas, com base no Decreto Municipal n\u00ba 670\/2012, de 30\/04\/2012.<\/p>\n<p>Quando se tratar da primeira solicita\u00e7\u00e3o a emiss\u00e3o da certid\u00e3o depender\u00e1 de an\u00e1lise dos dados cadastrais, a qual poder\u00e1 demandar um prazo de at\u00e9 DEZ dias. A partir da segunda solicita\u00e7\u00e3o, esta etapa ser\u00e1 eliminada, gerando certid\u00e3o expedida de imediato, caso n\u00e3o possua pend\u00eancias tribut\u00e1rias.<\/p>\n<p>Quaisquer informa\u00e7\u00f5es ou esclarecimentos acerca das pend\u00eancias somente ser\u00e3o prestadas pessoalmente mediante a apresenta\u00e7\u00e3o de documentos que vinculem o requerente ao im\u00f3vel. Documentos tais como: Carn\u00ea de IPTU, Registro de Im\u00f3veis, Escritura Publica de Compra e Venda, etc\u2026<\/p>\n<h3>Vagas de Emprego Prefeitura de Aracaju<\/h3>\n<p>A Prefeitura de Aracaju disponibiliza <em>vagas de trabalho<\/em> durante todo ano. Para se informar sobre os processos seletivos e se candidatar as vagas acompanhe o site da Prefeitura de Aracaju, onde \u00e9 poss\u00edvel se informar sobre vagas abertas, sal\u00e1rios e compet\u00eancias necess\u00e1rias para se candidatar ao processo.<\/p>\n<h3>Hor\u00e1rio de Funcionamento Prefeitura de Aracaju<\/h3>\n<ul>\n<li>De Segunda a Sexta das 08h \u00e0s 17h<\/li>\n<\/ul>\n<h3>Endere\u00e7o e Telefone Prefeitura de Aracaju<\/h3>\n<ul>\n<li>Rua Frei Lu\u00eds Canelo de Noronha, 42 &#8211; Conjunto Costa e Silva &#8211; Aracaju &#8211; SE<\/li>\n<li>Telefone: (79) 4009-7800<\/li>\n<\/ul>\n<h4>Outras informa\u00e7\u00f5es e site<\/h4>\n<ul>\n<li>Mais informa\u00e7\u00f5es:\u00a0<a href=\"https:\/\/www.aracaju.se.gov.br\/\" target=\"_blank\" rel=\"noopener noreferrer\">www.aracaju.se.gov.br<\/a><\/li>\n<li>Mais informa\u00e7\u00f5es: <a href=\"https:\/\/www.prefeituras.org\/prefeitura-municipal-de-aracaju-se\/\" target=\"_blank\" rel=\"noopener noreferrer\">www.prefeituras.org\/prefeitura-municipal-de-aracaju-se<\/a><\/li>\n<li>Mais informa\u00e7\u00f5es: <a href=\"https:\/\/www.prefeituradearacaju.org\/\" target=\"_blank\" rel=\"noopener noreferrer\">https:\/\/www.prefeituradearacaju.org\/<\/a><\/li>\n<\/ul>\n<h4>Mapa de localiza\u00e7\u00e3o<\/h4>\n<a class=\"wp-colorbox-iframe\" href=\"https:\/\/www.google.com\/maps\/embed?pb=!1m18!1m12!1m3!1d3917.4703407793577!2d-37.07942868466155!3d-10.927799725069594!2m3!1f0!2f0!3f0!3m2!1i1024!2i768!4f13.1!3m3!1m2!1s0x71ab3b1841c09330x1c7cee660ecfdaf5!2sR.+Frei+Luiz+Canolo+de+Noronha+42+-+Ponto+Novo+Aracaju+-+SE+49097-270!5e0!3m2!1spt-BR!2sbr!4v1559720319855!5m2!1spt-BR!2sbr\"><img decoding=\"async\" src=\"http:\/\/www.encontraaracaju.com.br\/imgs\/maps-post.png\"><\/a>\n\n<div style=\"font-size: 0px; height: 0px; line-height: 0px; margin: 0; padding: 0; clear: both;\"><\/div>","protected":false},"excerpt":{"rendered":"<p>A\u00a0Prefeitura de Aracaju\u00a0\u00e9 a sede do poder executivo do munic\u00edpio. A Prefeitura abriga secretarias da educa\u00e7\u00e3o, sa\u00fade, meio ambiente e v\u00e1rias outras. Na sede da Prefeitura de Aracaju, est\u00e3o instalados o Gabinete do prefeito e do vice-prefeito, al\u00e9m de secretarias e \u00f3rg\u00e3os. No local, o contribuinte tem acesso a servi\u00e7os como:\u00a0 o Centro de Atendimento ao Contribuinte (CAC) que disponibiliza diversos servi\u00e7os como Nota Fiscal Eletr\u00f4nica; Declara\u00e7\u00e3o de Servi\u00e7o; Emiss\u00e3o da 2\u00aa via do IPTU; Consulta de Processos; entre outros. O Gabinete do Prefeito tem como principal objetivo intermediar o contato direto do chefe do Executivo municipal com o p\u00fablico <\/p>\n","protected":false},"author":1,"featured_media":0,"parent":0,"menu_order":0,"comment_status":"closed","ping_status":"closed","template":"","meta":{"footnotes":""},"class_list":["post-541","page","type-page","status-publish","hentry"],"yoast_head":"<!-- This site is optimized with the Yoast SEO plugin v26.4 - https:\/\/yoast.com\/wordpress\/plugins\/seo\/ -->\n<title>Prefeitura de Aracaju: Concursos, IPTU, NFe, ISS, CND, Vagas, Endere\u00e7o<\/title>\n<meta name=\"description\" content=\"Veja sobre a ( Prefeitura em Aracaju ) - Informa\u00e7\u00f5es, concursos, IPTU, NFe, ISS, CND, hor\u00e1rio de funcionamento, endere\u00e7o e telefone. CLIQUE AQUI!\" \/>\n<meta name=\"robots\" content=\"index, follow, max-snippet:-1, max-image-preview:large, max-video-preview:-1\" \/>\n<link rel=\"canonical\" href=\"https:\/\/www.encontraaracaju.com.br\/sobre\/prefeitura-de-aracaju\/\" \/>\n<meta property=\"og:locale\" content=\"pt_BR\" \/>\n<meta property=\"og:type\" content=\"article\" \/>\n<meta property=\"og:title\" content=\"Prefeitura de Aracaju: Concursos, IPTU, NFe, ISS, CND, Vagas, Endere\u00e7o\" \/>\n<meta property=\"og:description\" content=\"Veja sobre a ( Prefeitura em Aracaju ) - Informa\u00e7\u00f5es, concursos, IPTU, NFe, ISS, CND, hor\u00e1rio de funcionamento, endere\u00e7o e telefone. CLIQUE AQUI!\" \/>\n<meta property=\"og:url\" content=\"https:\/\/www.encontraaracaju.com.br\/sobre\/prefeitura-de-aracaju\/\" \/>\n<meta property=\"og:site_name\" content=\"Encontra Aracaju\" \/>\n<meta property=\"article:modified_time\" content=\"2019-06-24T08:01:17+00:00\" \/>\n<meta property=\"og:image\" content=\"https:\/\/www.encontraaracaju.com.br\/sobre\/wp-content\/uploads\/2019\/06\/prefeitura-de-aracaju.gif\" \/>\n<meta name=\"twitter:card\" content=\"summary_large_image\" \/>\n<meta name=\"twitter:label1\" content=\"Est. tempo de leitura\" \/>\n\t<meta name=\"twitter:data1\" content=\"5 minutos\" \/>\n<script type=\"application\/ld+json\" class=\"yoast-schema-graph\">{\"@context\":\"https:\/\/schema.org\",\"@graph\":[{\"@type\":\"WebPage\",\"@id\":\"https:\/\/www.encontraaracaju.com.br\/sobre\/prefeitura-de-aracaju\/\",\"url\":\"https:\/\/www.encontraaracaju.com.br\/sobre\/prefeitura-de-aracaju\/\",\"name\":\"Prefeitura de Aracaju: Concursos, IPTU, NFe, ISS, CND, Vagas, Endere\u00e7o\",\"isPartOf\":{\"@id\":\"https:\/\/www.encontraaracaju.com.br\/sobre\/#website\"},\"primaryImageOfPage\":{\"@id\":\"https:\/\/www.encontraaracaju.com.br\/sobre\/prefeitura-de-aracaju\/#primaryimage\"},\"image\":{\"@id\":\"https:\/\/www.encontraaracaju.com.br\/sobre\/prefeitura-de-aracaju\/#primaryimage\"},\"thumbnailUrl\":\"https:\/\/www.encontraaracaju.com.br\/sobre\/wp-content\/uploads\/2019\/06\/prefeitura-de-aracaju.gif\",\"datePublished\":\"2019-06-05T07:39:58+00:00\",\"dateModified\":\"2019-06-24T08:01:17+00:00\",\"description\":\"Veja sobre a ( Prefeitura em Aracaju ) - Informa\u00e7\u00f5es, concursos, IPTU, NFe, ISS, CND, hor\u00e1rio de funcionamento, endere\u00e7o e telefone. CLIQUE AQUI!\",\"breadcrumb\":{\"@id\":\"https:\/\/www.encontraaracaju.com.br\/sobre\/prefeitura-de-aracaju\/#breadcrumb\"},\"inLanguage\":\"pt-BR\",\"potentialAction\":[{\"@type\":\"ReadAction\",\"target\":[\"https:\/\/www.encontraaracaju.com.br\/sobre\/prefeitura-de-aracaju\/\"]}]},{\"@type\":\"ImageObject\",\"inLanguage\":\"pt-BR\",\"@id\":\"https:\/\/www.encontraaracaju.com.br\/sobre\/prefeitura-de-aracaju\/#primaryimage\",\"url\":\"https:\/\/www.encontraaracaju.com.br\/sobre\/wp-content\/uploads\/2019\/06\/prefeitura-de-aracaju.gif\",\"contentUrl\":\"https:\/\/www.encontraaracaju.com.br\/sobre\/wp-content\/uploads\/2019\/06\/prefeitura-de-aracaju.gif\",\"width\":680,\"height\":189},{\"@type\":\"BreadcrumbList\",\"@id\":\"https:\/\/www.encontraaracaju.com.br\/sobre\/prefeitura-de-aracaju\/#breadcrumb\",\"itemListElement\":[{\"@type\":\"ListItem\",\"position\":1,\"name\":\"In\u00edcio\",\"item\":\"https:\/\/www.encontraaracaju.com.br\/sobre\/\"},{\"@type\":\"ListItem\",\"position\":2,\"name\":\"Prefeitura de Aracaju\"}]},{\"@type\":\"WebSite\",\"@id\":\"https:\/\/www.encontraaracaju.com.br\/sobre\/#website\",\"url\":\"https:\/\/www.encontraaracaju.com.br\/sobre\/\",\"name\":\"Encontra Aracaju\",\"description\":\"Not\u00edcias, eventos, informa\u00e7\u00f5es e dicas na cidade Aracaju e regi\u00e3o.\",\"potentialAction\":[{\"@type\":\"SearchAction\",\"target\":{\"@type\":\"EntryPoint\",\"urlTemplate\":\"https:\/\/www.encontraaracaju.com.br\/sobre\/?s={search_term_string}\"},\"query-input\":{\"@type\":\"PropertyValueSpecification\",\"valueRequired\":true,\"valueName\":\"search_term_string\"}}],\"inLanguage\":\"pt-BR\"}]}<\/script>\n<!-- \/ Yoast SEO plugin. -->","yoast_head_json":{"title":"Prefeitura de Aracaju: Concursos, IPTU, NFe, ISS, CND, Vagas, Endere\u00e7o","description":"Veja sobre a ( Prefeitura em Aracaju ) - Informa\u00e7\u00f5es, concursos, IPTU, NFe, ISS, CND, hor\u00e1rio de funcionamento, endere\u00e7o e telefone. CLIQUE AQUI!","robots":{"index":"index","follow":"follow","max-snippet":"max-snippet:-1","max-image-preview":"max-image-preview:large","max-video-preview":"max-video-preview:-1"},"canonical":"https:\/\/www.encontraaracaju.com.br\/sobre\/prefeitura-de-aracaju\/","og_locale":"pt_BR","og_type":"article","og_title":"Prefeitura de Aracaju: Concursos, IPTU, NFe, ISS, CND, Vagas, Endere\u00e7o","og_description":"Veja sobre a ( Prefeitura em Aracaju ) - Informa\u00e7\u00f5es, concursos, IPTU, NFe, ISS, CND, hor\u00e1rio de funcionamento, endere\u00e7o e telefone. CLIQUE AQUI!","og_url":"https:\/\/www.encontraaracaju.com.br\/sobre\/prefeitura-de-aracaju\/","og_site_name":"Encontra Aracaju","article_modified_time":"2019-06-24T08:01:17+00:00","og_image":[{"url":"https:\/\/www.encontraaracaju.com.br\/sobre\/wp-content\/uploads\/2019\/06\/prefeitura-de-aracaju.gif","type":"","width":"","height":""}],"twitter_card":"summary_large_image","twitter_misc":{"Est. tempo de leitura":"5 minutos"},"schema":{"@context":"https:\/\/schema.org","@graph":[{"@type":"WebPage","@id":"https:\/\/www.encontraaracaju.com.br\/sobre\/prefeitura-de-aracaju\/","url":"https:\/\/www.encontraaracaju.com.br\/sobre\/prefeitura-de-aracaju\/","name":"Prefeitura de Aracaju: Concursos, IPTU, NFe, ISS, CND, Vagas, Endere\u00e7o","isPartOf":{"@id":"https:\/\/www.encontraaracaju.com.br\/sobre\/#website"},"primaryImageOfPage":{"@id":"https:\/\/www.encontraaracaju.com.br\/sobre\/prefeitura-de-aracaju\/#primaryimage"},"image":{"@id":"https:\/\/www.encontraaracaju.com.br\/sobre\/prefeitura-de-aracaju\/#primaryimage"},"thumbnailUrl":"https:\/\/www.encontraaracaju.com.br\/sobre\/wp-content\/uploads\/2019\/06\/prefeitura-de-aracaju.gif","datePublished":"2019-06-05T07:39:58+00:00","dateModified":"2019-06-24T08:01:17+00:00","description":"Veja sobre a ( Prefeitura em Aracaju ) - Informa\u00e7\u00f5es, concursos, IPTU, NFe, ISS, CND, hor\u00e1rio de funcionamento, endere\u00e7o e telefone. CLIQUE AQUI!","breadcrumb":{"@id":"https:\/\/www.encontraaracaju.com.br\/sobre\/prefeitura-de-aracaju\/#breadcrumb"},"inLanguage":"pt-BR","potentialAction":[{"@type":"ReadAction","target":["https:\/\/www.encontraaracaju.com.br\/sobre\/prefeitura-de-aracaju\/"]}]},{"@type":"ImageObject","inLanguage":"pt-BR","@id":"https:\/\/www.encontraaracaju.com.br\/sobre\/prefeitura-de-aracaju\/#primaryimage","url":"https:\/\/www.encontraaracaju.com.br\/sobre\/wp-content\/uploads\/2019\/06\/prefeitura-de-aracaju.gif","contentUrl":"https:\/\/www.encontraaracaju.com.br\/sobre\/wp-content\/uploads\/2019\/06\/prefeitura-de-aracaju.gif","width":680,"height":189},{"@type":"BreadcrumbList","@id":"https:\/\/www.encontraaracaju.com.br\/sobre\/prefeitura-de-aracaju\/#breadcrumb","itemListElement":[{"@type":"ListItem","position":1,"name":"In\u00edcio","item":"https:\/\/www.encontraaracaju.com.br\/sobre\/"},{"@type":"ListItem","position":2,"name":"Prefeitura de Aracaju"}]},{"@type":"WebSite","@id":"https:\/\/www.encontraaracaju.com.br\/sobre\/#website","url":"https:\/\/www.encontraaracaju.com.br\/sobre\/","name":"Encontra Aracaju","description":"Not\u00edcias, eventos, informa\u00e7\u00f5es e dicas na cidade Aracaju e regi\u00e3o.","potentialAction":[{"@type":"SearchAction","target":{"@type":"EntryPoint","urlTemplate":"https:\/\/www.encontraaracaju.com.br\/sobre\/?s={search_term_string}"},"query-input":{"@type":"PropertyValueSpecification","valueRequired":true,"valueName":"search_term_string"}}],"inLanguage":"pt-BR"}]}},"_links":{"self":[{"href":"https:\/\/www.encontraaracaju.com.br\/sobre\/wp-json\/wp\/v2\/pages\/541","targetHints":{"allow":["GET"]}}],"collection":[{"href":"https:\/\/www.encontraaracaju.com.br\/sobre\/wp-json\/wp\/v2\/pages"}],"about":[{"href":"https:\/\/www.encontraaracaju.com.br\/sobre\/wp-json\/wp\/v2\/types\/page"}],"author":[{"embeddable":true,"href":"https:\/\/www.encontraaracaju.com.br\/sobre\/wp-json\/wp\/v2\/users\/1"}],"replies":[{"embeddable":true,"href":"https:\/\/www.encontraaracaju.com.br\/sobre\/wp-json\/wp\/v2\/comments?post=541"}],"version-history":[{"count":0,"href":"https:\/\/www.encontraaracaju.com.br\/sobre\/wp-json\/wp\/v2\/pages\/541\/revisions"}],"wp:attachment":[{"href":"https:\/\/www.encontraaracaju.com.br\/sobre\/wp-json\/wp\/v2\/media?parent=541"}],"curies":[{"name":"wp","href":"https:\/\/api.w.org\/{rel}","templated":true}]}}